 (-67 + 30 + 52)?
-13
What is -12 + (13 - -17) + -3 + 17?
32
What is the value of -7 + (-65 - -88 - (1 + 2 - 5))?
18
(-279 - -284) + (-1 - (3 - 2))
3
What is 11 + -20 + -4 - -25?
12
(-1670 - -1656) + -1 + (-6 - 0)
-21
What is the value of (-16 - -12 - 16) + (5 - (9 + -5))?
-19
(1 - 10) + 0 - (209 + -199)
-19
What is -6 - ((0 - (-1 + -4)) + -85 + 73)?
1
What is -19 - (-1 + -7 + (-13 - -7 - -4))?
-9
5 - (15 - ((-1 - 0) + -5))
-16
-25 + (-27 - 17) + 45
-24
Calculate 51 + -82 - (8 - 6).
-33
Evaluate (-12 - ((10 + -2 - -1) + 8)) + -2.
-31
-4 + (18 - 20) - 5
-11
Evaluate (6 - (6 + 0)) + (8 - (33 - 8)).
-17
What is -51 + 43 + 16 + 10 + 1?
19
Evaluate -8 + (15 - 4) + 4 - 6.
1
What is -1 - (11 + (-5 - 6) + 14)?
-15
Calculate -15 - -17 - ((-2 - -6) + (10 - 7)).
-5
-4 - (-17 + (-2 - (-2 + 7 - -1)))
21
Evaluate -10 + (4 - (-2 - 16)) - -3.
15
Evaluate -12 + (2 + 0 - -1) + (-200 - -184).
-25
53 + -54 + 7 + -7 + 4 + 21
24
What is 8 + (-1 - (7 - 7) - (4 - 7))?
10
-28 + -11 + 20 + -7
-26
What is 9 + (-13 - -10) - (4 + 3 - -1)?
-2
What is the value of 34 + (20 - 34) + -31?
-11
What is the value of -14 + 11 + (-15 - -8)?
-10
Evaluate 3 + -4 - (-2 + -9 + 2).
8
Calculate (-11 - (7 + -28)) + -11.
-1
What is the value of -67 + 62 + (2 - 3) + 0?
-6
Evaluate 25 + -5 - (85 + -85).
20
Calculate (25 - 27) + -5 + -6.
-13
What is 23 + (-13 - -14) - 40 - (1 - 11)?
-6
39 + -24 + -6 - 15
-6
-2 + (-16 - ((-1 - 0) + 0 + -6))
-11
Calculate (-1 - 5) + (-2 - -10) + 4 + -7.
-1
369 + -354 - (-1 - -20)
-4
1 + 24 + -157 + 143
11
What is the value of (-425 - -430) + 0 + -18?
-13
What is the value of (-1489 - -1490) + -12 + 1?
-10
Calculate -6 + 16 - (-7 - -13).
4
Calculate -30 - (-30 + 60 + -35).
-25
2 - -25 - (-8 - -27)
8
Calculate -2 - (-6 - (4 - 0 - (0 - 1))).
9
What is the value of (-13 - (10 + -57 + 4)) + (-7 - -1)?
24
Evaluate (-1 - -1) + -8 + (-12 - (51 + -56)).
-15
What is -6 + (9 + -18 - -12)?
-3
Evaluate 2 - (-4 - (6 + -15 + 11)).
8
What is the value of (0 - 9) + (-2 - -24 - 24)?
-11
(-7 + 8 - (5 + -7) - 1) + -16
-14
What is 4 + (10 - 0) + (169 - 179)?
4
-132 - -144 - (20 + (3 - 9))
-2
Calculate 16 + (15 - (63 - (30 + -14))).
-16
What is (-3 - 3) + -246 + 256 + (-1 - 21)?
-18
What is the value of 1 + -2 - 1 - -7?
5
Calculate -16 + (32 - (5 - (0 + -5))).
6
14 + (28 - (29 - 12) - 0)
25
Evaluate (-11 - -1) + (398 - 380).
8
What is the value of (52 - 60) + -1 + 5?
-4
Evaluate -8 + (1 + 1 - (5 - 0)).
-11
What is -9 + -6 + (11 - 0) + 0 + 1?
-3
Calculate 75 + -70 + (-2 - 7) + -24.
-28
Calculate 1 + 5 - (0 - (-5 + 1 + -1)).
1
What is (7 - 3) + (5 - 12) - -4?
1
What is 3 - 6 - (11 + -9 - 1)?
-4
Calculate 15 + (6 - (-9 + (12 - -5))).
13
What is 3 + -1 + 10 + (-22 - -6)?
-4
-19 + 1 - (-44 - -14)
12
-4 - -8 - (0 + -6 - (-81 + 65))
-6
Evaluate -4 + 2 + -1 + (25 - 43).
-21
Evaluate (32 - (26 + -21)) + -23.
4
What is -3 + (-6 - -3) + -1 + -6?
-13
Evaluate 3 + -16 - (-3 + (-3 - -5 - 5)).
-7
What is (18 - (-2 + 10 + 0)) + -2?
8
What is 10 - ((-24 - -16) + (14 - (3 - -1)))?
8
(25 - 39) + (-13 - -8 - -11)
-8
What is the value of 9 + 4 + (-2 - -1 - (-46 - -52))?
6
21 + -1 + (1 - -2) + (-209 - -200)
14
-3 + (-11 - -24) + 0 + -10
0
Calculate -5 - (-23 - (-24 + -11)).
-17
What is the value of (-26 - (5 - 2)) + 20 + -7 + -10?
-26
Calculate -52 - (-5 + 19 + -35).
-31
-1 + 1 + 2 + -656 + 664
10
(-3 - -1 - -3) + 1 + -30 + 8
-20
Calculate -13 - (-5 + 21 + 0 + -3).
-26
13 + 12 + -9 + -13 - (2 - -3)
-2
What is (8 + -18 + 6 - 5) + 0?
-9
Evaluate -11 + (-11 - -34) + -14.
-2
What is 0 - 4 - -1 - (2 + -2 + -3)?
0
What is the value of (-13 - 6 - -13) + (2 - 0)?
-4
71 - (-23 + 61) - 33
0
Calculate -7 + (-6 + 5 + 4 - 3) + -12.
-19
What is (-5 - 0) + (3 - -1) + -6?
-7
Evaluate 6 + (3 - -4 - 18) + 36.
31
-21 - -10 - -16 - -20
25
Evaluate (55 - 55) + (3 - 1).
2
Calculate -17 + 8 + 2 + -2.
-9
What is the value of (-5 - 9) + 12 + -9 + -4?
-15
-7 + (-9 - -4) + 9
-3
Evaluate -424 + 461 + -2 + 3 + -14.
24
-43 + (9 - -14) - -22
2
-6 + 8 + (14 + -21 - (2 + 4))
-11
What is the value of -2 + 16 + -3 + -17 + (6 - -3)?
3
Calculate (2 - -6 - -1) + (-116 - -99) - 0.
-8
Evaluate (5 - 0) + -1 + (-5 - (-6 - -4)).
1
Evaluate 2 + (2 - 8) + -107 + 114.
3
Evaluate 11 - (-21 - 1) - 16.
17
What is 4 + -11 + 1 + (3 - 7) - -4?
-6
What is the value of (-3 - -2) + -2 - (-195 + 189)?
3
Calculate -7 - -1 - (2 - 19 - (2 - 3)).
10
Evaluate ((-4 - -28) + 2 - -6) + -4.
28
Calculate 3 + -2 - -3 - -1 - (92 + -83).
-4
Calculate (-6 - (0 - (-11 - -25))) + -1 + -25.
-18
What is the value of (-5 - (-4 - -2 - -3)) + -2 + 4?
-4
Evaluate -2 + 23 + -12 - (2 - 5).
12
Calculate 1 - -7 - (453 - 423).
-22
What is -4 - -4 - 0 - (2 + -9 + -3)?
10
Calculate -24 + 15 + (-6 - -20).
5
Evaluate -2 + -3 - ((2 - (9 - 17)) + -8).
-7
Evaluate 68 + -85 + 37 - (-2 + 23).
-1
Evaluate 1 + -4 + -4 - (1 + -1 + 19).
-26
Calculate 5 + -6 + -5 + 12 + (8 - 27).
-13
What is the value of 0 + (-5 - 0 - (1 + -1)) + -7?
-12
-2 + 12 - (-42 + 62) - (-2 + -4)
-4
5 + (23 - 11 - 22) + -1 + 15
9
What is -17 - (-18 + -5 + -6)?
12
Evaluate -8 - -1 - (-5 + 5) - -23.
16
What is (48 + -74 - -14) + 15?
3
What is the value of -317 + 337 + 0 + -4?
16
What is the value of 7 - (-3 - -1 - (-12 - (-18 - 1)))?
16
Evaluate -9 + -6 + (-2 - (7 + -3 + -2)).
-19
Evaluate -3 + 9 - (-4 - -13 - 9 - 0).
6
Evaluate 6 + (2 - 6) + 13 + (-40 - -35).
10
Evaluate 0 - (22 + -1 + 2) - (-79 + 70).
-14
What is (-1 + -21 + 15 - -10) + -22?
-19
What is the value of -20 + -4 - -18 - (-14 + -2)?
10
(6 - (-29 + -4 + 3)) + -14
22
23 + (-34 - -11) + 13 + -2
11
What is the value of -7 - (1 - (9 + -4))?
-3
What is 1 + 26 - (17 + (-25 - -31 - 18))?
22
Calculate (-151 - -162) + (0 - 19) + (5 - -5).
2
9 + 4 + -20 + 9 + 1
3
What is the value of 2 + 4 - (31 + -11 - 7)?
-7
Calculate -2 + 8 + -54 + 9 + 1.
-38
Evaluate 19 + (-17 - 25) + 27.
4
-5 - -16 - (3 - 8) - (30 - 28)
14
Calculate (-20 - (-18 - -2)) + 2.
-2
What is the value of 7 + 5 - ((-4 - -1) + 4)?
11
What is -15 - 1 - ((2 - -50) + -56)?
-12
What is the value of -6 - (-2 + (-1 - 13 - -8 - 13))?
15
Calculate 143 - 147 - (-3 + 5 + 1).
-7
What is 10 + (-5 - 9) + 15?
11
Evaluate 157 + -156 + 26 + 0 + -3.
24
Calculate (6 - -1) + (-10 - -3).
0
What is the value of 6 + 8 + (-94 - -93)?
13
What is the value of 2 + (20 - 28 - 6) - (-41 + -1)?
30
Evaluate 2 - (-47 + 53 + -8 + -1) - 3.
2
Evaluate 2 - -9 - (-4 - (5 - -1 - 13)).
8
What is the value of -2 - (-18 + -3 + 16)?
3
What is the value of -8 - (3 - (1 - (-6 - -1) - 2))?
-7
1 - -7 - (14 + (-6 - 7))
7
Calculate -8 + -6 - -8 - 2 - -3.
-5
What is the value of (1 - (8 + -6 - -2)) + 24?
21
What is the value of (5 + -7 - -5) + (2 - 0) + -1?
4
Calculate -51 + 46 - (2 - 6).
-1
What is the value of -32 + 32 + 5 + 6 - -3?
14
-13 - ((-8 - -10) + -11)
-4
What is the value of -44 + (47 - 26) - -26?
3
What is the value of (-2 - (22 - 6) - 0) + 1?
-17
Calculate -6 - (13 - (52 - 12)).
21
Calculate (-122 - -123 - (6 + 0 + 0)) + -7.
-12
Evaluate -14 + -7 + 20 - 18.
-19
-17 + 12 + 11 - 20
-14
-18 + (30 - 15) + -7
-10
Calculate (215 - 180) + (13 - 24 - (0 + 0)).
24
Evaluate 6 - (6 + (13 + -8 - 7) - -15).
-13
Calculate (18 - (8 + 14)) + (0 - 0) - 5.
-9
Evaluate (21 - -1) + (25 - 20) + 1 - 5.
23
What is the value of -9 + 3 + -4 - (-17 + 31)?
-24
Evaluate -11 + 21 + 26 - 22.
14
Evaluate 29 - 2 - (-11 + 27 - 5).
16
-67 + 64 - (-1 - (-1 - 3)) - 4
-10
What is 9 + -10 + -8 + 14 - -5?
10
What is the value of (0 - -15) + (-1 - -2) + (-21 - -13)?
8
Evaluate 8 + -7 + (-4 - -1) - (-10 + 4).
4
Evaluate -31 + 2 - (562 + -610).
19
What is the value of -9 + (-4 - (-2 + (-9 - -3))) + -7?
-12
Evaluate -19 + (11 - -7) + -2 - -3.
0
What is -8 + 8 + 5 - (-3 - (7 + -1))?
14
Evaluate (-7 - (-13 - -13)) + 10.
3
Calculate -2 - (2 - (-1 - 0)) - (-9 + -7).
11
What is the value of 3 - (6 + 1 - (-6 + 8) - 12)?
10
Calculate -9 + 6 + (-5 - -4) + -4.
-8
What is -14 + 14 - 9 - -16?
7
What is 46 + -13 - (-5 + 12 - 5)?
31
What is the value of 4 + (4 - 1 - (4 + 3) - 7)?
-7
What is 21 - (1 - -68) - -24?
-24
What is the value of (50 - (34 + -18)) + (-3 - 8)?
23
Evaluate -1 - (-29 - (17 + -27)).
18
Evaluate -1 + 2 - (61 - 43).
-17
What is 14 + (11 - 52) + 19?
-8
Evaluate -3 + 5 + 1 + (-14 - (-9 + 0)).
-2
What is -4 + -9 + (5 - -15)?
7
What is -16 + 8 - ((-5 - 1) + 41 + -40)?
-3
-1 + -2 - (-